 are the prime factors of 17549549?
1429, 12281
List the prime factors of 795514606.
2, 397757303
List the prime factors of 72790383.
3, 24263461
List the prime factors of 1112290846.
2, 1811, 307093
List the prime factors of 6663769781.
6663769781
What are the prime factors of 12858839?
7, 19, 109, 887
What are the prime factors of 58148057?
11, 83, 63689
List the prime factors of 85930856.
2, 11, 43, 22709
List the prime factors of 5482524068.
2, 7, 643, 304517
What are the prime factors of 173633299?
7, 24804757
List the prime factors of 62818565.
5, 571, 22003
List the prime factors of 155078776.
2, 29, 521, 1283
List the prime factors of 1481882925.
3, 5, 31, 637369
What are the prime factors of 1030882644?
2, 3, 11, 2603239
List the prime factors of 42640486.
2, 7, 435107
What are the prime factors of 1128196054?
2, 53, 10643359
List the prime factors of 678725957.
7, 13, 7458527
What are the prime factors of 69811692?
2, 3, 5817641
What are the prime factors of 79313598?
2, 3, 7, 13, 41, 1181
List the prime factors of 558960861.
3, 2753, 67679
List the prime factors of 505867448.
2, 2267, 27893
What are the prime factors of 51771660?
2, 3, 5, 862861
List the prime factors of 464240247.
3, 11321, 13669
What are the prime factors of 33508374?
2, 3, 5584729
List the prime factors of 14190624.
2, 3, 7, 7039
List the prime factors of 308098467.
3, 167, 359, 571
What are the prime factors of 1287309263?
1287309263
List the prime factors of 181135329.
3, 827, 73009
What are the prime factors of 6249579?
3, 7, 139, 2141
What are the prime factors of 58395017?
17, 137, 25073
List the prime factors of 65929240.
2, 5, 13, 19, 6673
List the prime factors of 189985959.
3, 19, 59, 6277
What are the prime factors of 54845117?
283, 193799
What are the prime factors of 1139698685?
5, 61, 3736717
List the prime factors of 367633638.
2, 3, 29, 704279
List the prime factors of 379446768.
2, 3, 113, 2591
What are the prime factors of 30066310?
2, 5, 3006631
What are the prime factors of 587007547?
7, 83858221
What are the prime factors of 54455609?
13, 4188893
What are the prime factors of 63408588?
2, 3, 647, 8167
What are the prime factors of 35630356?
2, 71, 109, 1151
List the prime factors of 42986115.
3, 5, 17, 83, 677
List the prime factors of 21175575.
3, 5, 349, 809
List the prime factors of 123539509.
23, 5371283
List the prime factors of 30580623.
3, 71, 47857
List the prime factors of 69810034.
2, 7, 4986431
List the prime factors of 1308563134.
2, 17, 31, 41, 107, 283
What are the prime factors of 201365701?
201365701
List the prime factors of 8099614270.
2, 5, 11, 449, 163993
What are the prime factors of 150417990?
2, 3, 5, 1671311
What are the prime factors of 876926709?
3, 32478767
What are the prime factors of 699141421?
11, 63558311
List the prime factors of 20035627.
20035627
List the prime factors of 13514480.
2, 5, 7, 24133
List the prime factors of 4002769731.
3, 17, 78485681
List the prime factors of 750594468.
2, 3, 13, 19, 73, 3469
List the prime factors of 84313614.
2, 3, 7, 11, 29, 31
What are the prime factors of 463187203?
463187203
List the prime factors of 500756371.
43, 11645497
What are the prime factors of 1172937014?
2, 103, 293, 19433
List the prime factors of 6884202.
2, 3, 13, 88259
List the prime factors of 234778624.
2, 31, 43
List the prime factors of 26157871.
73, 358327
List the prime factors of 45058172.
2, 601, 18743
What are the prime factors of 82346059?
4021, 20479
What are the prime factors of 435723226?
2, 17, 3433, 3733
List the prime factors of 3531803760.
2, 3, 5, 4905283
List the prime factors of 996005977.
996005977
List the prime factors of 12298823.
647, 19009
What are the prime factors of 71161129?
13, 83, 65951
What are the prime factors of 145328673?
3, 7, 197, 35129
What are the prime factors of 3083388662?
2, 1541694331
What are the prime factors of 266983142?
2, 59, 2262569
What are the prime factors of 464461855?
5, 11, 13, 107, 467
What are the prime factors of 3912457353?
3, 7, 186307493
List the prime factors of 392029885.
5, 13, 6031229
List the prime factors of 1462034017.
17, 86002001
List the prime factors of 767902247.
7, 587, 186883
What are the prime factors of 4564530?
2, 3, 5, 41, 1237
List the prime factors of 261218424.
2, 3, 10884101
What are the prime factors of 675502852?
2, 431, 391823
What are the prime factors of 58258044?
2, 3, 13, 281, 443
What are the prime factors of 1809724483?
7, 19, 229, 59419
What are the prime factors of 504775727?
1163, 434029
List the prime factors of 3322002620.
2, 5, 166100131
What are the prime factors of 787113737?
29, 27141853
What are the prime factors of 36042710?
2, 5, 11, 327661
List the prime factors of 4324372106.
2, 61, 2081, 17033
List the prime factors of 4466292133.
19, 71, 283, 11699
List the prime factors of 4913415.
3, 5, 13, 37, 227
List the prime factors of 356977500.
2, 3, 5, 11, 4327
List the prime factors of 41380133.
31, 593, 2251
List the prime factors of 11725890.
2, 3, 5, 11, 35533
List the prime factors of 52438350.
2, 3, 5, 349589
List the prime factors of 438160562.
2, 7, 313, 99991
List the prime factors of 189429713.
11, 181, 95143
List the prime factors of 213220006.
2, 29, 73, 50359
List the prime factors of 187761506.
2, 93880753
What are the prime factors of 50642499?
3, 31, 544543
What are the prime factors of 821298738?
2, 3, 13, 10529471
What are the prime factors of 606874310?
2, 5, 7, 317, 3907
List the prime factors of 5022249.
3, 29, 57727
What are the prime factors of 39468226?
2, 7, 67, 6011
List the prime factors of 855019763.
13, 67, 981653
List the prime factors of 62813201.
11, 193, 29587
List the prime factors of 180714470.
2, 5, 41, 367, 1201
What are the prime factors of 2301496510?
2, 5, 230149651
List the prime factors of 178806295.
5, 31, 1153589
What are the prime factors of 460089644?
2, 7, 787, 20879
What are the prime factors of 1317371675?
5, 52694867
What are the prime factors of 55257673?
29, 1905437
List the prime factors of 116247352.
2, 13, 1117763
What are the prime factors of 1470898555?
5, 7, 37, 683, 1663
List the prime factors of 1695916127.
37, 67, 684113
What are the prime factors of 5557358?
2, 479, 5801
What are the prime factors of 9356027?
9356027
List the prime factors of 101593167.
3, 13, 200381
List the prime factors of 70715046.
2, 3, 11785841
List the prime factors of 1300415388.
2, 3, 108367949
What are the prime factors of 114374671?
577, 198223
List the prime factors of 519320767.
7, 71, 113, 1321
List the prime factors of 2004598226.
2, 61, 127, 129379
List the prime factors of 145717891.
11, 13247081
List the prime factors of 740969789.
7, 105852827
What are the prime factors of 336508041?
3, 1097, 102251
List the prime factors of 646045929.
3, 59, 405553
What are the prime factors of 215775930?
2, 3, 5, 83, 193, 449
List the prime factors of 242484188.
2, 719, 84313
List the prime factors of 7335375161.
7335375161
List the prime factors of 30435463.
23, 1323281
What are the prime factors of 106145424?
2, 3, 7, 11, 3191
List the prime factors of 1007991886.
2, 11, 45817813
List the prime factors of 3562621249.
11, 59, 593, 9257
What are the prime factors of 2387347645?
5, 2473, 193073
List the prime factors of 1366598539.
641, 2131979
List the prime factors of 3177504337.
7, 661, 686731
List the prime factors of 64021144.
2, 11, 23, 47, 673
List the prime factors of 28744218.
2, 3, 691, 2311
List the prime factors of 817262772.
2, 3, 23, 317, 9341
List the prime factors of 20178363.
3, 887, 7583
What are the prime factors of 1080578362?
2, 1429, 378089
List the prime factors of 101670556.
2, 13, 1955203
What are the prime factors of 2513170774?
2, 19, 467, 141619
List the prime factors of 230283106.
2, 115141553
List the prime factors of 4641890.
2, 5, 11, 19, 2221
What are the prime factors of 1719379214?
2, 7, 23, 5339687
List the prime factors of 149258909.
127, 1175267
List the prime factors of 2174519189.
3359, 647371
What are the prime factors of 272282194?
2, 136141097
List the prime factors of 1468663497.
3, 7, 23312119
What are the prime factors of 66067940?
2, 5, 19, 37, 127
List the prime factors of 115671477.
3, 157, 245587
What are the prime fac